{"id":5800,"date":"2025-06-17T00:00:37","date_gmt":"2025-06-16T22:00:37","guid":{"rendered":"https:\/\/www.regaloperfectobysary.com\/?post_type=product&#038;p=5800"},"modified":"2025-08-22T13:13:09","modified_gmt":"2025-08-22T11:13:09","slug":"contorno-ojos-masaje-algas","status":"publish","type":"product","link":"https:\/\/www.regaloperfectobysary.com\/index.php\/producto\/contorno-ojos-masaje-algas\/","title":{"rendered":"Contorno Ojos Masaje Algas"},"content":{"rendered":"<p>El\u00a0aplicador ergon\u00f3mico es realmente \u00fatil para mejorar el contorno de los ojos, estimula la circulaci\u00f3n y elimina las peque\u00f1as arrugas. Peque\u00f1o y pr\u00e1ctico para llevar a donde quieras.<\/p>\n<p>Dise\u00f1ado para tratar la delicada zona periocular, el aplicador dise\u00f1ado para mejorar el estiramiento y estimular la microcirculaci\u00f3n. Con forma curva o c\u00f3nica, para adaptarse a la zona debajo del ojo. Material met\u00e1lico (a menudo acero inoxidable o zinc), \u00fatil para un efecto refrescante y descongestionante. Ayuda a reducir bolsas y ojeras a trav\u00e9s de un ligero masaje de drenaje. Evita el desperdicio del producto, evitando el uso de los dedos.<\/p>\n","protected":false},"excerpt":{"rendered":"<p>El aplicador dise\u00f1ado para mejorar el estiramiento y estimular la microcirculaci\u00f3n.<\/p>\n","protected":false},"featured_media":5858,"comment_status":"open","ping_status":"closed","template":"","meta":{"_themeisle_gutenberg_block_has_review":false},"product_brand":[649],"product_cat":[599,551],"product_tag":[],"class_list":{"0":"post-5800","1":"product","2":"type-product","3":"status-publish","4":"has-post-thumbnail","6":"product_brand-cosmi","7":"product_cat-rutina-facial","8":"product_cat-spa","10":"first","11":"instock","12":"taxable","13":"shipping-taxable","14":"purchasable","15":"product-type-simple"},"jetpack_sharing_enabled":true,"_links":{"self":[{"href":"https:\/\/www.regaloperfectobysary.com\/index.php\/wp-json\/wp\/v2\/product\/5800","targetHints":{"allow":["GET"]}}],"collection":[{"href":"https:\/\/www.regaloperfectobysary.com\/index.php\/wp-json\/wp\/v2\/product"}],"about":[{"href":"https:\/\/www.regaloperfectobysary.com\/index.php\/wp-json\/wp\/v2\/types\/product"}],"replies":[{"embeddable":true,"href":"https:\/\/www.regaloperfectobysary.com\/index.php\/wp-json\/wp\/v2\/comments?post=5800"}],"wp:featuredmedia":[{"embeddable":true,"href":"https:\/\/www.regaloperfectobysary.com\/index.php\/wp-json\/wp\/v2\/media\/5858"}],"wp:attachment":[{"href":"https:\/\/www.regaloperfectobysary.com\/index.php\/wp-json\/wp\/v2\/media?parent=5800"}],"wp:term":[{"taxonomy":"product_brand","embeddable":true,"href":"https:\/\/www.regaloperfectobysary.com\/index.php\/wp-json\/wp\/v2\/product_brand?post=5800"},{"taxonomy":"product_cat","embeddable":true,"href":"https:\/\/www.regaloperfectobysary.com\/index.php\/wp-json\/wp\/v2\/product_cat?post=5800"},{"taxonomy":"product_tag","embeddable":true,"href":"https:\/\/www.regaloperfectobysary.com\/index.php\/wp-json\/wp\/v2\/product_tag?post=5800"}],"curies":[{"name":"wp","href":"https:\/\/api.w.org\/{rel}","templated":true}]}}