{"id":5563,"date":"2025-05-19T00:00:13","date_gmt":"2025-05-18T22:00:13","guid":{"rendered":"https:\/\/www.regaloperfectobysary.com\/?post_type=product&#038;p=5563"},"modified":"2025-05-21T20:51:49","modified_gmt":"2025-05-21T18:51:49","slug":"coloretes-liquidos-power-puff","status":"publish","type":"product","link":"https:\/\/www.regaloperfectobysary.com\/index.php\/producto\/coloretes-liquidos-power-puff\/","title":{"rendered":"Coloretes L\u00edquidos Power Puff"},"content":{"rendered":"<p>Estos ligeros coloretes l\u00edquidos Power Puff a\u00f1aden color a tus mejillas y tambi\u00e9n a tus labios, dejando un resultado natural.<\/p>\n<p>Son especialmente incre\u00edbles porque:<br \/>\n*Su formato es sencillamente irresistible y moderno, pr\u00e1ctico de usar y para llevar siempre contigo.<br \/>\n*Se extiende y difumina f\u00e1cilmente gracias al suave aplicador de esponja con dosificaci\u00f3n regulable, sin desperdiciar nada.<br \/>\n*Su textura ligera est\u00e1 muy pigmentada y tiene un precioso acabado luminoso.<\/p>\n<p>Crea tu propio look y usa m\u00e1s producto si quieres que el tono sea m\u00e1s intenso!<\/p>\n<p>Ahora un dilema importante&#8230; escoger uno, dos,&#8230; quiz\u00e1s mejor llevarse la serie al completo?<\/p>\n<p>&nbsp;<\/p>\n","protected":false},"excerpt":{"rendered":"<p>Coloretes ligeros l\u00edquidos, a\u00f1aden color a tus mejillas y labios con resultado natural.<\/p>\n<p>(inspira a los de Charlotte Tibury).<\/p>\n","protected":false},"featured_media":5642,"comment_status":"open","ping_status":"closed","template":"","meta":{"_themeisle_gutenberg_block_has_review":false},"product_brand":[651],"product_cat":[523,520,524],"product_tag":[],"class_list":{"0":"post-5563","1":"product","2":"type-product","3":"status-publish","4":"has-post-thumbnail","6":"product_brand-ddonna","7":"product_cat-labios","8":"product_cat-maquillaje","9":"product_cat-rostro","11":"first","12":"instock","13":"taxable","14":"shipping-taxable","15":"purchasable","16":"product-type-variable"},"jetpack_sharing_enabled":true,"_links":{"self":[{"href":"https:\/\/www.regaloperfectobysary.com\/index.php\/wp-json\/wp\/v2\/product\/5563","targetHints":{"allow":["GET"]}}],"collection":[{"href":"https:\/\/www.regaloperfectobysary.com\/index.php\/wp-json\/wp\/v2\/product"}],"about":[{"href":"https:\/\/www.regaloperfectobysary.com\/index.php\/wp-json\/wp\/v2\/types\/product"}],"replies":[{"embeddable":true,"href":"https:\/\/www.regaloperfectobysary.com\/index.php\/wp-json\/wp\/v2\/comments?post=5563"}],"wp:featuredmedia":[{"embeddable":true,"href":"https:\/\/www.regaloperfectobysary.com\/index.php\/wp-json\/wp\/v2\/media\/5642"}],"wp:attachment":[{"href":"https:\/\/www.regaloperfectobysary.com\/index.php\/wp-json\/wp\/v2\/media?parent=5563"}],"wp:term":[{"taxonomy":"product_brand","embeddable":true,"href":"https:\/\/www.regaloperfectobysary.com\/index.php\/wp-json\/wp\/v2\/product_brand?post=5563"},{"taxonomy":"product_cat","embeddable":true,"href":"https:\/\/www.regaloperfectobysary.com\/index.php\/wp-json\/wp\/v2\/product_cat?post=5563"},{"taxonomy":"product_tag","embeddable":true,"href":"https:\/\/www.regaloperfectobysary.com\/index.php\/wp-json\/wp\/v2\/product_tag?post=5563"}],"curies":[{"name":"wp","href":"https:\/\/api.w.org\/{rel}","templated":true}]}}