{"id":5417,"date":"2025-04-11T00:00:52","date_gmt":"2025-04-10T22:00:52","guid":{"rendered":"https:\/\/www.regaloperfectobysary.com\/?post_type=product&#038;p=5417"},"modified":"2025-10-05T01:09:08","modified_gmt":"2025-10-04T23:09:08","slug":"brillos-labios-animales-iridescentes","status":"publish","type":"product","link":"https:\/\/www.regaloperfectobysary.com\/index.php\/producto\/brillos-labios-animales-iridescentes\/","title":{"rendered":"Brillos Labios Animales Iridescentes"},"content":{"rendered":"<p>Estos Brillos Labiales con carita de animales en peluche (s\u00faper suaves) son con efecto iridiscente. Dale brillo a tus labios!<\/p>\n<div class=\"overflow-x-auto relative\" dir=\"auto\">\n<p>Se desliza f\u00e1cilmente, brindando hidrataci\u00f3n y un acabado brillante duradero. Ideal para cualquier ocasi\u00f3n.<\/p>\n<p>Cu\u00e1l es tu favorito? Todav\u00eda no tienes la colecci\u00f3n?<\/p>\n<\/div>\n","protected":false},"excerpt":{"rendered":"<p>Hidrata tus labios con un brillo iridiscente.<\/p>\n","protected":false},"featured_media":6019,"comment_status":"open","ping_status":"closed","template":"","meta":{"_themeisle_gutenberg_block_has_review":false},"product_brand":[656],"product_cat":[523,520,548,585],"product_tag":[],"class_list":{"0":"post-5417","1":"product","2":"type-product","3":"status-publish","4":"has-post-thumbnail","6":"product_brand-leticia-well","7":"product_cat-labios","8":"product_cat-maquillaje","9":"product_cat-maquillaje-peques","10":"product_cat-peques","12":"first","13":"instock","14":"taxable","15":"shipping-taxable","16":"purchasable","17":"product-type-variable"},"jetpack_sharing_enabled":true,"_links":{"self":[{"href":"https:\/\/www.regaloperfectobysary.com\/index.php\/wp-json\/wp\/v2\/product\/5417","targetHints":{"allow":["GET"]}}],"collection":[{"href":"https:\/\/www.regaloperfectobysary.com\/index.php\/wp-json\/wp\/v2\/product"}],"about":[{"href":"https:\/\/www.regaloperfectobysary.com\/index.php\/wp-json\/wp\/v2\/types\/product"}],"replies":[{"embeddable":true,"href":"https:\/\/www.regaloperfectobysary.com\/index.php\/wp-json\/wp\/v2\/comments?post=5417"}],"wp:featuredmedia":[{"embeddable":true,"href":"https:\/\/www.regaloperfectobysary.com\/index.php\/wp-json\/wp\/v2\/media\/6019"}],"wp:attachment":[{"href":"https:\/\/www.regaloperfectobysary.com\/index.php\/wp-json\/wp\/v2\/media?parent=5417"}],"wp:term":[{"taxonomy":"product_brand","embeddable":true,"href":"https:\/\/www.regaloperfectobysary.com\/index.php\/wp-json\/wp\/v2\/product_brand?post=5417"},{"taxonomy":"product_cat","embeddable":true,"href":"https:\/\/www.regaloperfectobysary.com\/index.php\/wp-json\/wp\/v2\/product_cat?post=5417"},{"taxonomy":"product_tag","embeddable":true,"href":"https:\/\/www.regaloperfectobysary.com\/index.php\/wp-json\/wp\/v2\/product_tag?post=5417"}],"curies":[{"name":"wp","href":"https:\/\/api.w.org\/{rel}","templated":true}]}}