{"id":4263,"date":"2025-05-06T00:00:15","date_gmt":"2025-05-05T22:00:15","guid":{"rendered":"https:\/\/www.regaloperfectobysary.com\/?post_type=product&#038;p=4263"},"modified":"2025-05-21T21:01:49","modified_gmt":"2025-05-21T19:01:49","slug":"maquillaje-cc-crema-2","status":"publish","type":"product","link":"https:\/\/www.regaloperfectobysary.com\/index.php\/producto\/maquillaje-cc-crema-2\/","title":{"rendered":"Maquillaje CC Crema 2 + Aplicador"},"content":{"rendered":"<p>Este maquillaje en tono claro de Vitamina C es adecuado para quienes buscan un maquillaje natural, perfecto e ideal para pieles con marchas.<\/p>\n<p>No es Grasa, mantiene la piel fresca y c\u00f3moda durante todo el d\u00eda. Oculta al instante imperfecciones, manchas oscuras y enrojecimientos. No obstruye los poros, lo que permite que la piel respire libremente.<\/p>\n<p>Proporciona hidrataci\u00f3n y nutrici\u00f3n. Puede cubrir l\u00edneas finas y arrugas del rostro y relucir una piel m\u00e1s joven. Es adecuada para todo tipo de pieles.<\/p>\n<p>* Incluye una bolsita negra con una brocha en forma de hongo que permite evitar el exceso de producto. Antes de usar recomiendo lavar la esponja con agua para dejarla m\u00e1s suave y para que la base se pueda trabajar mejor.<\/p>\n<p>&nbsp;<\/p>\n","protected":false},"excerpt":{"rendered":"<p>Viral en redes, esta base se adhiere perfectamente a la piel, uniformiza el tono y disimula las imperfecciones.<\/p>\n","protected":false},"featured_media":5645,"comment_status":"open","ping_status":"closed","template":"","meta":{"_themeisle_gutenberg_block_has_review":false},"product_brand":[662],"product_cat":[520,524],"product_tag":[],"class_list":{"0":"post-4263","1":"product","2":"type-product","3":"status-publish","4":"has-post-thumbnail","6":"product_brand-angeala","7":"product_cat-maquillaje","8":"product_cat-rostro","10":"first","11":"instock","12":"taxable","13":"shipping-taxable","14":"purchasable","15":"product-type-simple"},"jetpack_sharing_enabled":true,"_links":{"self":[{"href":"https:\/\/www.regaloperfectobysary.com\/index.php\/wp-json\/wp\/v2\/product\/4263","targetHints":{"allow":["GET"]}}],"collection":[{"href":"https:\/\/www.regaloperfectobysary.com\/index.php\/wp-json\/wp\/v2\/product"}],"about":[{"href":"https:\/\/www.regaloperfectobysary.com\/index.php\/wp-json\/wp\/v2\/types\/product"}],"replies":[{"embeddable":true,"href":"https:\/\/www.regaloperfectobysary.com\/index.php\/wp-json\/wp\/v2\/comments?post=4263"}],"wp:featuredmedia":[{"embeddable":true,"href":"https:\/\/www.regaloperfectobysary.com\/index.php\/wp-json\/wp\/v2\/media\/5645"}],"wp:attachment":[{"href":"https:\/\/www.regaloperfectobysary.com\/index.php\/wp-json\/wp\/v2\/media?parent=4263"}],"wp:term":[{"taxonomy":"product_brand","embeddable":true,"href":"https:\/\/www.regaloperfectobysary.com\/index.php\/wp-json\/wp\/v2\/product_brand?post=4263"},{"taxonomy":"product_cat","embeddable":true,"href":"https:\/\/www.regaloperfectobysary.com\/index.php\/wp-json\/wp\/v2\/product_cat?post=4263"},{"taxonomy":"product_tag","embeddable":true,"href":"https:\/\/www.regaloperfectobysary.com\/index.php\/wp-json\/wp\/v2\/product_tag?post=4263"}],"curies":[{"name":"wp","href":"https:\/\/api.w.org\/{rel}","templated":true}]}}