{"id":3832,"date":"2023-12-12T12:30:15","date_gmt":"2023-12-12T11:30:15","guid":{"rendered":"https:\/\/www.regaloperfectobysary.com\/?post_type=product&#038;p=3832"},"modified":"2024-11-14T22:52:27","modified_gmt":"2024-11-14T21:52:27","slug":"gel-coco-pure-white","status":"publish","type":"product","link":"https:\/\/www.regaloperfectobysary.com\/index.php\/producto\/gel-coco-pure-white\/","title":{"rendered":"Gel Ducha Coco Pure White"},"content":{"rendered":"<p>\ud83c\uddea\ud83c\uddf8 El <strong>Gel Coco Pure White.<\/strong> Sentir\u00e1s tu piel cuidada, protegida e hidratada gracias a los agentes humectantes presentes en el Coco. Su textura rica y cremosa acompa\u00f1ada de su deliciosa fragancia convertir\u00e1n el momento del ba\u00f1o en un momento \u00fanico y especial. Mima tu piel con este sensacional gel. Te lo recomendamos si: Necesitas un gel cremoso para proteger e hidratar tu piel con un perfume ex\u00f3tico que te har\u00e1 viajar sin moverte del ba\u00f1o. Libre de Parabenos y Colorantes.<\/p>\n<p>\ud83c\uddf5\ud83c\uddf9 O\u00a0<strong>Gel Coco Pure White.<\/strong> A tua pele se sentir\u00e1 cuidada, protegida e hidratada gra\u00e7as aos agentes hidratantes presentes no Coco. Sua textura rica e cremosa acompanhada de sua deliciosa fragr\u00e2ncia far\u00e3o da hora do banho um momento \u00fanico e especial. Mima a tua pele com este gel sensacional. Recomendamos se: precisas de um gel cremoso para proteger e hidratar a pele com um perfume ex\u00f3tico que te far\u00e1 viajar sem sair do banheiro. Livre de Parabenos e Corantes<\/p>\n<p>&nbsp;<\/p>\n","protected":false},"excerpt":{"rendered":"<p>\ud83c\uddea\ud83c\uddf8 Sentir\u00e1s tu piel cuidada, protegida e hidratada gracias a los agentes humectantes presentes en el Coco.<\/p>\n<p>\ud83c\uddf5\ud83c\uddf9 A tua pele se sentir\u00e1 cuidada, protegida e hidratada gra\u00e7as aos agentes hidratantes presentes no Coco.<\/p>\n","protected":false},"featured_media":4497,"comment_status":"open","ping_status":"closed","template":"","meta":{"_themeisle_gutenberg_block_has_review":false},"product_brand":[],"product_cat":[555,551],"product_tag":[245],"class_list":{"0":"post-3832","1":"product","2":"type-product","3":"status-publish","4":"has-post-thumbnail","6":"product_cat-cuidado-personal","7":"product_cat-spa","8":"product_tag-tulipan-negro","10":"first","11":"onbackorder","12":"sale","13":"taxable","14":"shipping-taxable","15":"purchasable","16":"product-type-simple"},"jetpack_sharing_enabled":true,"_links":{"self":[{"href":"https:\/\/www.regaloperfectobysary.com\/index.php\/wp-json\/wp\/v2\/product\/3832","targetHints":{"allow":["GET"]}}],"collection":[{"href":"https:\/\/www.regaloperfectobysary.com\/index.php\/wp-json\/wp\/v2\/product"}],"about":[{"href":"https:\/\/www.regaloperfectobysary.com\/index.php\/wp-json\/wp\/v2\/types\/product"}],"replies":[{"embeddable":true,"href":"https:\/\/www.regaloperfectobysary.com\/index.php\/wp-json\/wp\/v2\/comments?post=3832"}],"wp:featuredmedia":[{"embeddable":true,"href":"https:\/\/www.regaloperfectobysary.com\/index.php\/wp-json\/wp\/v2\/media\/4497"}],"wp:attachment":[{"href":"https:\/\/www.regaloperfectobysary.com\/index.php\/wp-json\/wp\/v2\/media?parent=3832"}],"wp:term":[{"taxonomy":"product_brand","embeddable":true,"href":"https:\/\/www.regaloperfectobysary.com\/index.php\/wp-json\/wp\/v2\/product_brand?post=3832"},{"taxonomy":"product_cat","embeddable":true,"href":"https:\/\/www.regaloperfectobysary.com\/index.php\/wp-json\/wp\/v2\/product_cat?post=3832"},{"taxonomy":"product_tag","embeddable":true,"href":"https:\/\/www.regaloperfectobysary.com\/index.php\/wp-json\/wp\/v2\/product_tag?post=3832"}],"curies":[{"name":"wp","href":"https:\/\/api.w.org\/{rel}","templated":true}]}}