{"id":2686,"date":"2024-04-13T23:15:34","date_gmt":"2024-04-13T21:15:34","guid":{"rendered":"https:\/\/www.regaloperfectobysary.com\/?post_type=product&#038;p=2686"},"modified":"2024-11-15T00:51:59","modified_gmt":"2024-11-14T23:51:59","slug":"agua-micelar-naranja","status":"publish","type":"product","link":"https:\/\/www.regaloperfectobysary.com\/index.php\/producto\/agua-micelar-naranja\/","title":{"rendered":"Agua Micelar Naranja"},"content":{"rendered":"<p>\ud83c\uddea\ud83c\uddf8 El Agua Micelar Melado es perfecta para uso diario porque quita suavemente y eficazmente el maquillaje del rostro, ojos y labios waterproof. El producto deja la piel con una sensaci\u00f3n fresca y suave.<\/p>\n<p>Rico en ingredientes activos, incluyendo:<\/p>\n<p>*EXTRACTO DE NARANJA nutre y revitaliza la piel, adem\u00e1s de tener propiedades antiinflamatorias y antibacterianas.<\/p>\n<p>*HIALURONATO DE SODIO tiene propiedades hidratantes.<\/p>\n<p>*GLICERINA calma e hidrata intensamente la piel seca.<\/p>\n<p>*El \u00c1CIDO L\u00c1CTICO mejora la elasticidad de la piel y aclara la decoloraci\u00f3n.<\/p>\n<p>Funciona en sinergia con el limpiador facial en espuma de naranja Melado (disponible online tambi\u00e9n).<\/p>\n<p>C\u00d3MO USARLO: Aplica una cantidad adecuada en un algod\u00f3n y retira el maquillaje. Repite hasta que la almohadilla de color est\u00e9 limpia.<\/p>\n<p>APTO PARA: Pieles secas y normales.<\/p>\n<p>\ud83c\uddf5\ud83c\uddf9 A \u00c1gua Micelar Melado \u00e9 perfeita para uso di\u00e1rio porque remove com suavidade e efic\u00e1cia a maquiagem waterproof do rosto, olhos e l\u00e1bios. O produto deixa a pele fresca e macia.<\/p>\n<p>Rico em ingredientes ativos, incluindo:<\/p>\n<p>*EXTRATO DE LARANJA nutre e revitaliza a pele, al\u00e9m de possuir propriedades antiinflamat\u00f3rias e antibacterianas.<\/p>\n<p>*HIALURONATO DE S\u00d3DIO possui propriedades hidratantes.<\/p>\n<p>*GLICERINA acalma e hidrata intensamente a pele seca.<\/p>\n<p>*\u00c1CIDO L\u00c1TICO melhora a elasticidade da pele e clareia a descolora\u00e7\u00e3o.<\/p>\n<p>Funciona em sinergia com o Limpador Facial Espumante Melado Orange (dispon\u00edvel tamb\u00e9m online).<\/p>\n<p>MODO DE USAR: Aplica uma quantidade adequada em um algod\u00e3o e remove a maquiagem. Repite at\u00e9 que a almofada colorida esteja limpa.<\/p>\n<p>ADEQUADO PARA: Pele seca e normal.<\/p>\n","protected":false},"excerpt":{"rendered":"<p>\ud83c\uddea\ud83c\uddf8 Agua Micelar para Piel Seca &amp; Normal.<\/p>\n<p>\ud83c\uddf5\ud83c\uddf9 \u00c1gua Micelar para Peles Secas &amp; Normais.<\/p>\n","protected":false},"featured_media":2680,"comment_status":"open","ping_status":"closed","template":"","meta":{"_themeisle_gutenberg_block_has_review":false},"product_brand":[],"product_cat":[15,599,551],"product_tag":[291],"class_list":{"0":"post-2686","1":"product","2":"type-product","3":"status-publish","4":"has-post-thumbnail","6":"product_cat-productos","7":"product_cat-rutina-facial","8":"product_cat-spa","9":"product_tag-melado","11":"first","12":"onbackorder","13":"taxable","14":"shipping-taxable","15":"purchasable","16":"product-type-simple"},"jetpack_sharing_enabled":true,"_links":{"self":[{"href":"https:\/\/www.regaloperfectobysary.com\/index.php\/wp-json\/wp\/v2\/product\/2686","targetHints":{"allow":["GET"]}}],"collection":[{"href":"https:\/\/www.regaloperfectobysary.com\/index.php\/wp-json\/wp\/v2\/product"}],"about":[{"href":"https:\/\/www.regaloperfectobysary.com\/index.php\/wp-json\/wp\/v2\/types\/product"}],"replies":[{"embeddable":true,"href":"https:\/\/www.regaloperfectobysary.com\/index.php\/wp-json\/wp\/v2\/comments?post=2686"}],"wp:featuredmedia":[{"embeddable":true,"href":"https:\/\/www.regaloperfectobysary.com\/index.php\/wp-json\/wp\/v2\/media\/2680"}],"wp:attachment":[{"href":"https:\/\/www.regaloperfectobysary.com\/index.php\/wp-json\/wp\/v2\/media?parent=2686"}],"wp:term":[{"taxonomy":"product_brand","embeddable":true,"href":"https:\/\/www.regaloperfectobysary.com\/index.php\/wp-json\/wp\/v2\/product_brand?post=2686"},{"taxonomy":"product_cat","embeddable":true,"href":"https:\/\/www.regaloperfectobysary.com\/index.php\/wp-json\/wp\/v2\/product_cat?post=2686"},{"taxonomy":"product_tag","embeddable":true,"href":"https:\/\/www.regaloperfectobysary.com\/index.php\/wp-json\/wp\/v2\/product_tag?post=2686"}],"curies":[{"name":"wp","href":"https:\/\/api.w.org\/{rel}","templated":true}]}}