{"id":2547,"date":"2024-01-03T23:50:07","date_gmt":"2024-01-03T22:50:07","guid":{"rendered":"https:\/\/www.regaloperfectobysary.com\/?post_type=product&#038;p=2547"},"modified":"2024-11-15T01:19:48","modified_gmt":"2024-11-15T00:19:48","slug":"actoner-complet-7-en-1","status":"publish","type":"product","link":"https:\/\/www.regaloperfectobysary.com\/index.php\/producto\/actoner-complet-7-en-1\/","title":{"rendered":"Actoner Complet 7 en 1"},"content":{"rendered":"<p>\ud83c\uddea\ud83c\uddf8Este enjuague bucal Actoner Complet 7 en 1 dispone de una novedosa f\u00f3rmula que garantiza una mayor limpieza y protecci\u00f3n. Previene la placa bacteriana, el sarro, las caries, crea un escudo protector para las enc\u00edas y produce un efecto blanqueante. El mejor para la salud de tu boca! Recomendado si quieres una limpieza total de tu boca, mantener a raya la placa, las caries y el sarro, proteger tus enc\u00edas y tener un efecto blanqueante Cooling effect.<\/p>\n<p>\ud83c\uddf5\ud83c\uddf9 Este enxaguat\u00f3rio bucal Actoner Complet 7 em 1 possui uma nova f\u00f3rmula que garante maior limpeza e prote\u00e7\u00e3o. Prevem placa bacteriana, t\u00e1rtaro, c\u00e1ries, cria um escudo protetor para as gengivas e produz efeito clareador. O melhor para a sa\u00fade da tua boca! Recomendado se desejas uma limpeza total da boca, manter a placa bacteriana, as c\u00e1ries e o t\u00e1rtaro afastados, proteger as gengivas e ter um efeito refrescante clareador.<\/p>\n","protected":false},"excerpt":{"rendered":"<p>\ud83c\uddea\ud83c\uddf8 Enjuague Bucal Actoner Complet 7 en 1 recomendado si quieres una limpieza total de tu boca, mantener a raya la placa, las caries y el sarro, proteger tus enc\u00edas y tener un efecto blanqueante Cooling effect.<\/p>\n<p>\ud83c\uddf5\ud83c\uddf9 Enxaguat\u00f3rio Bucal Actoner Complet 7 en 1 recomendado se desejas uma limpeza total da boca, manter a placa bacteriana, as c\u00e1ries e o t\u00e1rtaro afastados, proteger as gengivas e ter um efeito refrescante clareador.<\/p>\n","protected":false},"featured_media":3795,"comment_status":"open","ping_status":"closed","template":"","meta":{"_themeisle_gutenberg_block_has_review":false},"product_brand":[],"product_cat":[583,551],"product_tag":[259],"class_list":{"0":"post-2547","1":"product","2":"type-product","3":"status-publish","4":"has-post-thumbnail","6":"product_cat-higiene-dental-bucal","7":"product_cat-spa","8":"product_tag-actoner","10":"first","11":"instock","12":"taxable","13":"shipping-taxable","14":"purchasable","15":"product-type-simple"},"jetpack_sharing_enabled":true,"_links":{"self":[{"href":"https:\/\/www.regaloperfectobysary.com\/index.php\/wp-json\/wp\/v2\/product\/2547","targetHints":{"allow":["GET"]}}],"collection":[{"href":"https:\/\/www.regaloperfectobysary.com\/index.php\/wp-json\/wp\/v2\/product"}],"about":[{"href":"https:\/\/www.regaloperfectobysary.com\/index.php\/wp-json\/wp\/v2\/types\/product"}],"replies":[{"embeddable":true,"href":"https:\/\/www.regaloperfectobysary.com\/index.php\/wp-json\/wp\/v2\/comments?post=2547"}],"wp:featuredmedia":[{"embeddable":true,"href":"https:\/\/www.regaloperfectobysary.com\/index.php\/wp-json\/wp\/v2\/media\/3795"}],"wp:attachment":[{"href":"https:\/\/www.regaloperfectobysary.com\/index.php\/wp-json\/wp\/v2\/media?parent=2547"}],"wp:term":[{"taxonomy":"product_brand","embeddable":true,"href":"https:\/\/www.regaloperfectobysary.com\/index.php\/wp-json\/wp\/v2\/product_brand?post=2547"},{"taxonomy":"product_cat","embeddable":true,"href":"https:\/\/www.regaloperfectobysary.com\/index.php\/wp-json\/wp\/v2\/product_cat?post=2547"},{"taxonomy":"product_tag","embeddable":true,"href":"https:\/\/www.regaloperfectobysary.com\/index.php\/wp-json\/wp\/v2\/product_tag?post=2547"}],"curies":[{"name":"wp","href":"https:\/\/api.w.org\/{rel}","templated":true}]}}