{"id":2439,"date":"2024-03-21T22:57:29","date_gmt":"2024-03-21T21:57:29","guid":{"rendered":"https:\/\/www.regaloperfectobysary.com\/?post_type=product&#038;p=2439"},"modified":"2024-11-15T01:03:11","modified_gmt":"2024-11-15T00:03:11","slug":"mascarilla-facial-pinguino","status":"publish","type":"product","link":"https:\/\/www.regaloperfectobysary.com\/index.php\/producto\/mascarilla-facial-pinguino\/","title":{"rendered":"Mascarilla Facial Ping\u00fcino"},"content":{"rendered":"<p>\ud83c\uddea\ud83c\uddf8 Mascarilla vegana de tela, en papel impregnado con cara de ping\u00fcino, (nutrici\u00f3n intensa). Elaborada con un tejido ultrafino que se adhiere c\u00f3modamente como una segunda piel. Recarga la piel con la super nutrici\u00f3n del aceite de coco y ayuda a conseguir una complexi\u00f3n m\u00e1s suave, sana y radiante.<\/p>\n<p>*Modo de empleo: Usar una o dos veces por semana. Aplicar en el rostro limpio y seco, durante 15 minutos, retirar y masajear sobre el rostro los restos del producto.<\/p>\n<p>\ud83c\uddf5\ud83c\uddf9 M\u00e1scara de tecido vegano, em papel impregnado com cara de pinguim, (Nutri\u00e7\u00e3o intensa). Fabricado com um tecido ultrafino que adere confortavelmente como uma segunda pele. Recarrega a pele com a supernutri\u00e7\u00e3o do \u00f3leo de coco e ajuda a conseguir uma tez mais lisa, saud\u00e1vel e radiante.<\/p>\n<p>*Como usar: Usar uma ou duas vezes por semana. Aplicar no rosto limpo e seco por 15 minutos, retirar e massagear o restante do produto no rosto.<\/p>\n","protected":false},"excerpt":{"rendered":"<p>\ud83c\uddea\ud83c\uddf8 Mascarilla Facial con carita de ping\u00fcino. (Nutrici\u00f3n intensa).<\/p>\n<p>\ud83c\uddf5\ud83c\uddf9 M\u00e1scara facial com cara de pinguim. (Nutri\u00e7\u00e3o intensa).<\/p>\n","protected":false},"featured_media":3301,"comment_status":"open","ping_status":"closed","template":"","meta":{"_themeisle_gutenberg_block_has_review":false},"product_brand":[],"product_cat":[599,551],"product_tag":[240],"class_list":{"0":"post-2439","1":"product","2":"type-product","3":"status-publish","4":"has-post-thumbnail","6":"product_cat-rutina-facial","7":"product_cat-spa","8":"product_tag-idc-institute","10":"first","11":"instock","12":"taxable","13":"shipping-taxable","14":"purchasable","15":"product-type-simple"},"jetpack_sharing_enabled":true,"_links":{"self":[{"href":"https:\/\/www.regaloperfectobysary.com\/index.php\/wp-json\/wp\/v2\/product\/2439","targetHints":{"allow":["GET"]}}],"collection":[{"href":"https:\/\/www.regaloperfectobysary.com\/index.php\/wp-json\/wp\/v2\/product"}],"about":[{"href":"https:\/\/www.regaloperfectobysary.com\/index.php\/wp-json\/wp\/v2\/types\/product"}],"replies":[{"embeddable":true,"href":"https:\/\/www.regaloperfectobysary.com\/index.php\/wp-json\/wp\/v2\/comments?post=2439"}],"wp:featuredmedia":[{"embeddable":true,"href":"https:\/\/www.regaloperfectobysary.com\/index.php\/wp-json\/wp\/v2\/media\/3301"}],"wp:attachment":[{"href":"https:\/\/www.regaloperfectobysary.com\/index.php\/wp-json\/wp\/v2\/media?parent=2439"}],"wp:term":[{"taxonomy":"product_brand","embeddable":true,"href":"https:\/\/www.regaloperfectobysary.com\/index.php\/wp-json\/wp\/v2\/product_brand?post=2439"},{"taxonomy":"product_cat","embeddable":true,"href":"https:\/\/www.regaloperfectobysary.com\/index.php\/wp-json\/wp\/v2\/product_cat?post=2439"},{"taxonomy":"product_tag","embeddable":true,"href":"https:\/\/www.regaloperfectobysary.com\/index.php\/wp-json\/wp\/v2\/product_tag?post=2439"}],"curies":[{"name":"wp","href":"https:\/\/api.w.org\/{rel}","templated":true}]}}