{"id":1784,"date":"2023-12-13T10:50:21","date_gmt":"2023-12-13T09:50:21","guid":{"rendered":"https:\/\/www.regaloperfectobysary.com\/?post_type=product&#038;p=1784"},"modified":"2024-11-15T01:23:28","modified_gmt":"2024-11-15T00:23:28","slug":"scrub-lip-exclusivo","status":"publish","type":"product","link":"https:\/\/www.regaloperfectobysary.com\/index.php\/producto\/scrub-lip-exclusivo\/","title":{"rendered":"Exfoliantes Labiales Exclusivo + Aplicador"},"content":{"rendered":"<div class=\"product-tabs tabs\">\n<div id=\"tab-content\" class=\"tab-content\">\n<div id=\"description\" class=\"tab-pane fade in active\" role=\"tabpanel\">\n<div class=\"product-description\">\n<p>\ud83c\uddea\ud83c\uddf8 Exfoliante Labial Exclusivo en 4 sabores: fresa, mora, coco y vainilla; est\u00e1 dise\u00f1ado para realzar los labios con un aspecto suave y sedoso. Como el propio nombre, este exfoliante labial cuenta con un delicioso sabor y aroma. Este producto refina la textura irregular de los labios y ayuda a eliminar la piel seca o descamada para conseguir un acabado flexible y de aspecto saludable.<\/p>\n<p>Con una mezcla de ingredientes nutritivos, este exclusivo exfoliante labial reaviva el aspecto de los labios apagados y sin brillo.<\/p>\n<p>El tratamiento labial exfoliante emplea una f\u00f3rmula revitalizante que ayuda a eliminar la capa superior de c\u00e9lulas muertas de la piel para dejar los labios con un aspecto equilibrado y lleno de energ\u00eda. Suave pero eficaz para la piel, el exfoliante labial tambi\u00e9n prepara tu boca para una aplicaci\u00f3n m\u00e1s suave de la barra de labios, ya que crea una superficie homog\u00e9nea sobre la que el producto se desliza r\u00e1pida y uniformemente.<\/p>\n<\/div>\n<p>\ud83c\uddf5\ud83c\uddf9 Exfoliante Labial Exclusive em 4 sabores: morango, amora coco e baunilha; Ele foi projetado para real\u00e7ar os l\u00e1bios com uma apar\u00eancia macia e sedosa. Assim como o pr\u00f3prio nome, esse esfoliante labial tem sabor e aroma deliciosos. Este produto refina a textura irregular dos l\u00e1bios e ajuda a eliminar a pele seca ou escamosa, para um acabamento flex\u00edvel e com apar\u00eancia saud\u00e1vel.<\/p>\n<p>Com uma mistura de ingredientes nutritivos, este esfoliante labial exclusivo revive a apar\u00eancia dos l\u00e1bios opacos e opacos.<\/p>\n<p>O tratamento esfoliante labial utiliza uma f\u00f3rmula revitalizante que ajuda a remover a camada superior das c\u00e9lulas mortas da pele, para deixar os l\u00e1bios com um aspecto equilibrado e energizado. Suave mas eficaz na pele, o esfoliante labial tamb\u00e9m prepara a boca para uma aplica\u00e7\u00e3o mais suave do batom, criando uma superf\u00edcie uniforme na qual o produto desliza r\u00e1pida e uniformemente.<\/p>\n<\/div>\n<\/div>\n<\/div>\n<section class=\"category-products block clearfix plist-info\"><\/section>\n","protected":false},"excerpt":{"rendered":"<p>\ud83c\uddea\ud83c\uddf8 Exfoliante Labial Exclusivo est\u00e1 dise\u00f1ado para realzar los labios con un aspecto suave y sedoso.<\/p>\n<p>\ud83c\uddf5\ud83c\uddf9 Exfoliante Labial Exclusive desenvolvido para real\u00e7ar os l\u00e1bios com uma apar\u00eancia macia e sedosa.<\/p>\n","protected":false},"featured_media":2042,"comment_status":"open","ping_status":"closed","template":"","meta":{"_themeisle_gutenberg_block_has_review":false},"product_brand":[],"product_cat":[523,520],"product_tag":[239],"class_list":{"0":"post-1784","1":"product","2":"type-product","3":"status-publish","4":"has-post-thumbnail","6":"product_cat-labios","7":"product_cat-maquillaje","8":"product_tag-ddonna","10":"first","11":"instock","12":"taxable","13":"shipping-taxable","14":"purchasable","15":"product-type-variable"},"jetpack_sharing_enabled":true,"_links":{"self":[{"href":"https:\/\/www.regaloperfectobysary.com\/index.php\/wp-json\/wp\/v2\/product\/1784","targetHints":{"allow":["GET"]}}],"collection":[{"href":"https:\/\/www.regaloperfectobysary.com\/index.php\/wp-json\/wp\/v2\/product"}],"about":[{"href":"https:\/\/www.regaloperfectobysary.com\/index.php\/wp-json\/wp\/v2\/types\/product"}],"replies":[{"embeddable":true,"href":"https:\/\/www.regaloperfectobysary.com\/index.php\/wp-json\/wp\/v2\/comments?post=1784"}],"wp:featuredmedia":[{"embeddable":true,"href":"https:\/\/www.regaloperfectobysary.com\/index.php\/wp-json\/wp\/v2\/media\/2042"}],"wp:attachment":[{"href":"https:\/\/www.regaloperfectobysary.com\/index.php\/wp-json\/wp\/v2\/media?parent=1784"}],"wp:term":[{"taxonomy":"product_brand","embeddable":true,"href":"https:\/\/www.regaloperfectobysary.com\/index.php\/wp-json\/wp\/v2\/product_brand?post=1784"},{"taxonomy":"product_cat","embeddable":true,"href":"https:\/\/www.regaloperfectobysary.com\/index.php\/wp-json\/wp\/v2\/product_cat?post=1784"},{"taxonomy":"product_tag","embeddable":true,"href":"https:\/\/www.regaloperfectobysary.com\/index.php\/wp-json\/wp\/v2\/product_tag?post=1784"}],"curies":[{"name":"wp","href":"https:\/\/api.w.org\/{rel}","templated":true}]}}