{"id":1578,"date":"2023-12-01T11:00:00","date_gmt":"2023-12-01T10:00:00","guid":{"rendered":"https:\/\/www.regaloperfectobysary.com\/?page_id=1578"},"modified":"2024-08-09T23:46:48","modified_gmt":"2024-08-09T21:46:48","slug":"envio-a-domicilio-peninsula","status":"publish","type":"page","link":"https:\/\/www.regaloperfectobysary.com\/index.php\/envio-a-domicilio-peninsula\/","title":{"rendered":"Env\u00edo a Domicilio Pen\u00ednsula"},"content":{"rendered":"\n<p><strong>Opciones para los Gastos de Env\u00edo:<\/strong><\/p>\n\n\n\n<p>*Env\u00edo Est\u00e1ndar de 5.95\u20ac para Pen\u00ednsula.<\/p>\n\n\n\n<p>*Actualmente no enviamos a Canarias, Ceuta y Melilla aunque podemos hacer alguna excepci\u00f3n puntual como tambi\u00e9n para quien resida fuera de Espa\u00f1a y quiera comprar alguno de mis productos. Cont\u00e1ctame y lo hablamos directamente. De todos modos estamos trabajando para ampliar los destinos de entrega.<\/p>\n\n\n\n<p><strong>Todos los pedidos tardan 48-72h<\/strong> en llegar a su destino en cu\u00e1nto salen de nuestras instalaciones correctamente, es decir, despu\u00e9s de la recepci\u00f3n del pago, el empaquetado y la recogida de los paquetes por la oficina de env\u00edo.<\/p>\n\n\n\n<p>*No obstante, ten en cuenta algunos productos son por encargo, esta pol\u00edtica de env\u00edo no siempre se aplica en ellos.<\/p>\n\n\n\n<p>*En per\u00edodos de promociones, rebajas, vacaciones, festivos,\u2026 los plazos de entrega se pueden alargar hasta 5 d\u00edas laborables. Te pido disculpas de antemano por ello.<\/p>\n\n\n\n<p>*Los pedidos procesados los Viernes ser\u00e1n gestionados a partir del siguiente d\u00eda laborable. Porque no hacemos env\u00edos los fines de semana.<\/p>\n\n\n\n<p>As\u00ed que s\u00ed, es eso. De momento la opci\u00f3n de env\u00edo gratis a domicilio estar\u00e1 disponible tan solo para quienes obtengan un cup\u00f3n. Los que recojan su pedido en tienda, por supuesto no necesitan pagar ning\u00fan importe de env\u00edo y tambi\u00e9n tienen la opci\u00f3n de pagar online o en persona.<\/p>\n\n\n\n<p>Aunque, todo puede cambiar, depender\u00e1 de los pedidos que vayan entrando en Web&#8230; como los pa\u00edses. Todo se puede mirar. Besitos Virtuales!<\/p>\n\n\n\n<p>Recuerda:&nbsp;<strong><em>\u00abMIS PAQUETES TE ILUMINAR\u00c1N EL ROSTRO CON UNA GRAN SONRISA\u00bb<\/em><\/strong><\/p>\n","protected":false},"excerpt":{"rendered":"<p>Opciones para los Gastos de Env\u00edo: *Env\u00edo Est\u00e1ndar de 5.95\u20ac para Pen\u00ednsula. *Actualmente no enviamos a Canarias, Ceuta y Melilla aunque podemos hacer alguna excepci\u00f3n puntual como tambi\u00e9n para quien resida fuera de Espa\u00f1a y quiera comprar alguno de mis productos. Cont\u00e1ctame y lo hablamos directamente. De todos modos estamos trabajando para ampliar los destinos &hellip; <\/p>\n","protected":false},"author":1,"featured_media":0,"parent":0,"menu_order":0,"comment_status":"closed","ping_status":"closed","template":"","meta":{"_themeisle_gutenberg_block_has_review":false,"footnotes":""},"class_list":["post-1578","page","type-page","status-publish","hentry"],"jetpack_sharing_enabled":true,"_links":{"self":[{"href":"https:\/\/www.regaloperfectobysary.com\/index.php\/wp-json\/wp\/v2\/pages\/1578","targetHints":{"allow":["GET"]}}],"collection":[{"href":"https:\/\/www.regaloperfectobysary.com\/index.php\/wp-json\/wp\/v2\/pages"}],"about":[{"href":"https:\/\/www.regaloperfectobysary.com\/index.php\/wp-json\/wp\/v2\/types\/page"}],"author":[{"embeddable":true,"href":"https:\/\/www.regaloperfectobysary.com\/index.php\/wp-json\/wp\/v2\/users\/1"}],"replies":[{"embeddable":true,"href":"https:\/\/www.regaloperfectobysary.com\/index.php\/wp-json\/wp\/v2\/comments?post=1578"}],"version-history":[{"count":9,"href":"https:\/\/www.regaloperfectobysary.com\/index.php\/wp-json\/wp\/v2\/pages\/1578\/revisions"}],"predecessor-version":[{"id":3485,"href":"https:\/\/www.regaloperfectobysary.com\/index.php\/wp-json\/wp\/v2\/pages\/1578\/revisions\/3485"}],"wp:attachment":[{"href":"https:\/\/www.regaloperfectobysary.com\/index.php\/wp-json\/wp\/v2\/media?parent=1578"}],"curies":[{"name":"wp","href":"https:\/\/api.w.org\/{rel}","templated":true}]}}